{"id":41,"date":"2019-10-08T19:02:26","date_gmt":"2019-10-08T17:02:26","guid":{"rendered":"http:\/\/boucentransition.online.fr\/?page_id=41"},"modified":"2019-10-08T23:20:53","modified_gmt":"2019-10-08T21:20:53","slug":"themes","status":"publish","type":"page","link":"http:\/\/boucentransition.online.fr\/index.php\/themes\/","title":{"rendered":"Th\u00e8mes"},"content":{"rendered":"\n<p><\/p>\n\n\n\n<p><\/p>\n\n\n\n<p><\/p>\n\n\n\n<p><\/p>\n\n\n\n<ul><li>Permaculture<\/li><li>Repair Caf\u00e9 <\/li><li>Mobilit\u00e9<\/li><li>Z\u00e9ro d\u00e9chets<\/li><li>\u00c9nergie &#8230;<\/li><\/ul>\n\n\n\n<p><\/p>\n\n\n\n<p><\/p>\n\n\n\n<p><\/p>\n\n\n\n<p>La transition comprend beaucoup de connaissances et d&rsquo;activit\u00e9s diff\u00e9rentes<\/p>\n\n\n\n<p>Vous pouvez participer pour faire vivre la transition \u00e9cologique \u00e0 Bouc Bel Air<\/p>\n","protected":false},"excerpt":{"rendered":"<p>Permaculture Repair Caf\u00e9 Mobilit\u00e9 Z\u00e9ro d\u00e9chets \u00c9nergie &#8230; La transition comprend beaucoup de connaissances et d&rsquo;activit\u00e9s diff\u00e9rentes Vous pouvez participer pour faire vivre la transition \u00e9cologique \u00e0 Bouc Bel Air<\/p>\n","protected":false},"author":5,"featured_media":0,"parent":0,"menu_order":0,"comment_status":"closed","ping_status":"closed","template":"","meta":[],"_links":{"self":[{"href":"http:\/\/boucentransition.online.fr\/index.php\/wp-json\/wp\/v2\/pages\/41"}],"collection":[{"href":"http:\/\/boucentransition.online.fr\/index.php\/wp-json\/wp\/v2\/pages"}],"about":[{"href":"http:\/\/boucentransition.online.fr\/index.php\/wp-json\/wp\/v2\/types\/page"}],"author":[{"embeddable":true,"href":"http:\/\/boucentransition.online.fr\/index.php\/wp-json\/wp\/v2\/users\/5"}],"replies":[{"embeddable":true,"href":"http:\/\/boucentransition.online.fr\/index.php\/wp-json\/wp\/v2\/comments?post=41"}],"version-history":[{"count":6,"href":"http:\/\/boucentransition.online.fr\/index.php\/wp-json\/wp\/v2\/pages\/41\/revisions"}],"predecessor-version":[{"id":59,"href":"http:\/\/boucentransition.online.fr\/index.php\/wp-json\/wp\/v2\/pages\/41\/revisions\/59"}],"wp:attachment":[{"href":"http:\/\/boucentransition.online.fr\/index.php\/wp-json\/wp\/v2\/media?parent=41"}],"curies":[{"name":"wp","href":"https:\/\/api.w.org\/{rel}","templated":true}]}}